2*b - 26, -w = 3*b - 2. Let t(l) = -l**3 + 2*l**3 + 11 + 0*l**3 - l**b. Determine t(h).
11
Let n(k) be the first derivative of -k**2/2 - 5*k - 2. Let p be (-1 - -7) + 12 + -16. Let b be 44/(-8) + 0 + p/(-4). Calculate n(b).
1
Let s(u) = -1 + 25 - 81 + 29 + u + 26. Let k(d) = d - 19. Let w be k(15). Determine s(w).
-6
Let p be -12 + 9/3 + 7. Let g(k) = k**3 + k - 1. Let j(n) = -3*n**3 + 7*n**2 + n. Let q(f) = p*g(f) - j(f). Calculate q(7).
-19
Let b(q) = -q + 5. Let t be 3/(-9)*3 - -1. Suppose u - 26 = -4*n + 4*u, t = n + 2*u - 12. Calculate b(n).
-3
Suppose 0 = -4*i - i - 10. Let f be (i + -1)/((-9)/(-6) + -3). Let l(r) = 23 - r**f - 3*r - r - 24. What is l(-5)?
-6
Let m be 1 + 2 + 3/(-3). Suppose 3*y - 2*g = 12, -3*y - g - 9 = 4*g. Let q(v) = 615*v**2 - 5 - m*v - 7*v - 614*v**y. Give q(10).
5
Let c(d) = 4*d**3 + 2*d + 1. Let h = 5808 - 5804. Let z(g) = 2*g - 8. Let o be z(6). Suppose -4*f + 4*m = m + 4, -h*m = 4*f + o. What is c(f)?
-5
Let z(s) = -5*s**2 - 13*s - 1. Let k(m) = -4*m**2 - 12*m - 1. Suppose 13*g = -12 + 51. Let o(n) = g*z(n) - 4*k(n). What is o(-9)?
1
Let v(a) = -287*a + a**3 - 8 - 344*a + 10*a**2 - 5*a**2 + 627*a. Calculate v(-6).
-20
Let t be (1/3)/(265/90 - 3). Let o(n) = -9*n**2 + 29*n - 2. Let l(u) = 5*u**2 - 15*u + 1. Let h(r) = t*o(r) - 11*l(r). Give h(-8).
9
Let g(h) = -10*h + 3. Let x be 12/9*((-120)/16)/(-5). Suppose f + 18 = -5*y, -y + 9 = -6*y + x*f. Give g(y).
33
Let a(r) be the third derivative of 0*r + 97*r**2 + 0*r**3 - 1/8*r**4 + 0. Determine a(-6).
18
Let p(o) be the third derivative of o**5/60 - o**4/3 + 11*o**3/6 - o**2 - 657*o. Give p(6).
-1
Let a(k) = -2*k**2 - 3*k + 4. Let y = -8 - -6. Let d(s) = -s**2 - 10*s + 1. Let v be d(0). Let t = y - v. Give a(t).
-5
Let q(g) = -g**3 + 7*g**2 - 5*g - 6. Suppose 0 = -r + 4*y + 109, r = -r + 3*y + 193. Suppose -r*s = -91*s - 4. Let l be (s - -1)/(3 - (-57)/(-18)). Give q(l).
0
Suppose c + 2*j = 2, -1 = -c + 2*j + 1. Let s(k) = 7*k - k**c - 23*k + 9*k. Give s(-6).
6
Let w(g) = g**3 + 4*g**2 - 3. Suppose -j - 3 = m, 4*j + 4*m = 5*j + 8. Determine w(j).
-3
Let m(a) = a**2 - 15*a + 11. Let v be (5 + (-8 - -10))/(2/4). Calculate m(v).
-3
Suppose 0 = 5*v - 3*r + 8*r - 9*r, 2*r = -10. Let x(s) be the third derivative of 0 - 1/3*s**3 - s**2 + 0*s + 1/24*s**4. What is x(v)?
-6
Let p = -108 - -105. Let z(h) = 3*h**2 + 0 - 3*h**2 - 1 - h**2. Determine z(p).
-10
Suppose 9*v - 108 = 432. Suppose -56*f = -v*f + 48. Let i(a) = a**2 - 10*a - 18. What is i(f)?
6
Let v be ((-6 - -2)*-1)/(4 - 0). Let w(c) be the second derivative of c**4/12 + c**3/6 - c**2/2 + 2*c + 1. What is w(v)?
1
Let h(z) = z**3 + 5*z**2 + 4*z - 2. Suppose 58*r = 46*r + 24. Suppose 0 = -r*k + 5*g - 13, -2*g = -3*k - 45 + 31. Determine h(k).
-2
Let n(z) = -2 - 7 + z - 4. Let p be (-11 - -11)/(-16 + 21 + -6). What is n(p)?
-13
Suppose 0 = 1510*n - 1509*n + 2*l + 2, n + 3*l = -4. Let g(k) = -3*k**3 + 2*k**2 + 6*k - 9. What is g(n)?
-13
Let h(a) = a + 5. Let p be h(-5). Let m(k) be the third derivative of k**6/120 + k**4/24 + k**3/6 - 5*k**2 + 525. Calculate m(p).
1
Let v(h) = 5*h**2 - 6*h + 3. Let o be v(1). Suppose 3*r = -2*r + 4*m + 19, -o*r = 2*m - 4. Suppose 9*d - 42 = r*d. Let f(z) = -z**2 + 6*z + 2. Determine f(d).
-5
Let h(s) = -51*s**3 + 9*s**2 + 2*s + 7. Let r(d) = -332*d**3 + 56*d**2 + 11*d + 43. Let m(g) = 13*h(g) - 2*r(g). Suppose j + 3 = -2. What is m(j)?
-15
Let o = -1973 + 1972. Let m(u) = -16*u + 5. Let s(r) be the first derivative of r**2/2 - r - 3. Let l(a) = -m(a) - 5*s(a). What is l(o)?
-11
Let d(t) = -51*t**3 + 30*t**2 - 2*t - 15. Let h(u) = 41*u**3 - 26*u**2 + 3*u + 14. Let l(z) = -4*d(z) - 5*h(z). Let q be 8 - (0 + 0) - -1. Give l(q).
8
Let c(k) = -4*k**2 - 6*k + 10. Let r(d) = -3*d**2 - 6*d + 11. Let t(f) = 4*c(f) - 5*r(f). Give t(6).
-15
Let l(u) = u**3 - 3*u**2 + u - 3. Let p be l(3). Let g(f) = f**3 + 3*f**2 - 2*f**2 + 177 - f - 385 + 210. Determine g(p).
2
Let s(v) = v**3 - 3*v - 2. Let g be 10/50 - ((-19)/5 + -2). Let w = g + -2. Suppose w*p - 4*j + 24 = 0, -3*p - j - j = -2. What is s(p)?
-4
Let k = 46 - 46. Suppose -2*z = 3*r + r - 22, 5*z + 4*r - 25 = k. Let g(a) = -6*a**2 + a - 1. Calculate g(z).
-6
Let l(t) = 2*t**2 - 2*t + 1. Suppose 4*p - 5*v = -p + 55, -4*v + 16 = 0. Let q(r) = -p + 2*r + 7 + 2 + r**2 - 11. Let x be q(-5). What is l(x)?
13
Suppose 3*s + 30 = g, 3*s = 4*g - 6 - 60. Let d(p) = p**3 - 10*p**2 - 30*p + 9. Determine d(g).
-63
Suppose 2*f - 13 = -1. Let b(u) be the second derivative of -u**3/6 - 4*u**2 + 106*u + 12. What is b(f)?
-14
Let g(a) = -3*a. Let f(n) = -3*n - 24. Let b(m) = 1. Suppose -3*j - 3 = -3*l, 2*j - 5*l + 7 = -1. Let s(v) = j*f(v) - 6*b(v). Let w be s(-11). What is g(w)?
-9
Let i(j) be the third derivative of -j**6/120 - 17*j**5/60 + 2*j**4/3 - 37*j**3/6 + 2*j**2 - 9*j - 49. Give i(-18).
-1
Let q(o) be the third derivative of -o**5/30 - 7*o**4/8 - o**3/3 + 3314*o**2. What is q(-11)?
-13
Suppose 0 = -2*k - 5*z - 0*z + 24, 5*k = -2*z + 39. Let f(v) = -v**3 + 8*v**2 - 8*v + 4. What is f(k)?
-3
Let r(t) be the first derivative of -t**2/2 + 8*t + 6230. Let s(u) = u**3 + 2*u**2 - 2*u - 3. Let i be s(-2). Suppose 0 = -c - i + 12. Give r(c).
-3
Let f be (-11 - -3) + -4*(1 - 10/8). Let k(i) = -4*i - 9. Let c(h) = -9*h - 19. Let j(o) = 3*c(o) - 7*k(o). Give j(f).
-1
Let p(y) be the second derivative of -y**5/20 - 5*y**4/12 + 9*y**3/2 + 7*y**2 - 33*y + 74. What is p(-8)?
-10
Suppose -y + y + 5*y = 0. Suppose 70*s - 66*s + 8 = y. Let d(q) = -5*q + 1. Calculate d(s).
11
Suppose 89*y - 199*y + 3190 = 0. Let n(g) = 3*g - 87. Determine n(y).
0
Let p = 1 - -10. Suppose p = 4*y - 5. Let n(d) = -d**2 + 12*d + 16. Let t(l) = l**2 - 13*l - 18. Let h(k) = 10*n(k) + 9*t(k). What is h(y)?
-6
Suppose 3*v + 9 - 30 = 0. Let a(s) be the first derivative of -3*s**2/2 + 9*s - 17426. Calculate a(v).
-12
Let u(p) = p - 3. Let d(l) be the third derivative of 0 + 0*l - 2/3*l**3 + 30*l**2. Let w(r) = 3*d(r) - 2*u(r). Calculate w(-4).
2
Let y(p) = -4*p**3 + p**2. Let u be 4/(-2)*(27 - 25). Let d be (-1)/(45/(-18)*u/10). Calculate y(d).
5
Let f(s) = -51*s**2 - s - 1. Let o be f(-1). Let a = -50 - o. Let h(r) = 2 - 1 - 4 + 7*r + 4. What is h(a)?
8
Let p(x) = -x**2 + 10*x - 5. Suppose -9*o = o - 90, 0 = b + 2*o - 25. Calculate p(b).
16
Let h(x) = 2*x**2 + x - 33. Let l be h(-4). Let i(y) = 3*y - 1. Let a(w) = -4*w + 2. Let d(s) = 5*a(s) + 6*i(s). Determine d(l).
14
Let v(b) = b**3 + 59*b**2 - 6*b - 325. Let g be v(-59). Let a(d) be the first derivative of 3*d + g - 1/2*d**2. Calculate a(4).
-1
Let z be -1 - (-2 + -5) - (-3 - -19). Let d be (z/4)/(5/(-12)). Let y(b) = b**3 - 6*b**2 + 7*b + 5. Determine y(d).
47
Let m(v) = 43*v + 497. Let a(f) = -43*f - 514. Let u(t) = -4*a(t) - 5*m(t). What is u(-10)?
1
Suppose 4*u - u - 2*q - 52 = 0, 3*u - 62 = 4*q. Let i(s) = -16 - 2*s - 5 + u. Let b(k) = k + 9. Let d be b(-15). Give i(d).
5
Let d(u) = u**3 + 29*u**2 - 65*u - 100. Let c be d(-31). Let h(j) = 5*j + 10. Determine h(c).
-25
Let x(c) = 24*c - 3*c**2 + 6 + 17*c - 54*c. Determine x(-6).
-24
Let a(j) = -5*j + 6. Let f be (-354)/(-126) + 1/(-7) + 3/9. What is a(f)?
-9
Let y(k) = 3*k - 17. Let l(s) = -s + 8. Let t(m) = 5*l(m) + 2*y(m). Suppose 208 = -15*a + 73. Give t(a).
-3
Let l(z) = 2*z**2 - 9*z + 11. Suppose 26*c - 1142 = -1012. Determine l(c).
16
Let h(k) = -80*k - 42*k - k**3 + 31*k**2 - 51 + 66*k. What is h(29)?
7
Let w(b) = 33*b**2 - 367*b + 9. Let g(k) = 16*k**2 - 151*k + 4. Let v(t) = -5*g(t) + 2*w(t). Give v(1).
5
Suppose 31*w - 123 = 156. Let g(q) = q**2 - 2. Let v(y) = -6*y**2 + 11*y + 18. Let j(d) = -5*g(d) - v(d). Give j(w).
-26
Let i(l) = 24*l - 183. Let p(w) = -16*w + 116. Let h(d) = 5*i(d) + 8*p(d). Calculate h(2).
-3
Let b(v) = 23*v**2 + 19*v + 22. Let l(z) = -20*z**2 - 19*z - 22. Let m(k) = -6*b(k) - 7*l(k). Calculate m(-8).
-2
Let d(k) = k + 6*k**2 + 305 - 79 - 147 - 77 + k**3. Let t be (-3 - -2)/(-1) - 7. What is d(t)?
-4
Let b(m) = m + 7. Suppose -2*k = -4*a + 38, a + 28 = -2*k + 3*a. Let o(l) = l**2 + 8*l - 4. Let z be o(k). Suppose -5*x - h + 2 = 3, -3*x = 5*h + z. Give b(x).
7
Let p(m) = -4*m - 624*m**2 + 7*m + 1231*m**2 - 631*m**2 + 3. Calculate p(-1).
-24
Let j(f) be the third derivative of f**4/12 + 16*f**3/3 + 1264*f**2. What is j(-12)?
8
Let z(j) = -15*j**2 + 115 +